

{"id":761,"date":"2024-02-29T16:33:24","date_gmt":"2024-02-29T15:33:24","guid":{"rendered":"http:\/\/egaralur.net\/?page_id=761"},"modified":"2024-02-29T16:34:05","modified_gmt":"2024-02-29T15:34:05","slug":"aviso-infografias","status":"publish","type":"page","link":"https:\/\/egaralur.net\/promociones\/aviso-infografias\/","title":{"rendered":"Aviso infograf\u00edas"},"content":{"rendered":"\n<h2 class=\"wp-block-heading\">Aviso infograf\u00edas<\/h2>\n\n\n\n<div style=\"height:32px\" aria-hidden=\"true\" class=\"wp-block-spacer\"><\/div>\n\n\n\n<p>Las infograf\u00edas de las fachadas, elementos comunes y restantes espacios son orientativas y podr\u00e1n ser objeto de variaci\u00f3n o modificaci\u00f3n en los proyectos t\u00e9cnicos. El mobiliario de las infograf\u00edas interiores no est\u00e1 incluido y el equipamiento de las viviendas ser\u00e1 el indicado en la correspondiente memoria de calidades.<\/p>\n","protected":false},"excerpt":{"rendered":"<p>Aviso infograf\u00edas Las infograf\u00edas de las fachadas, elementos comunes y restantes espacios son orientativas y podr\u00e1n ser objeto de variaci\u00f3n o modificaci\u00f3n en los proyectos t\u00e9cnicos. El mobiliario de las infograf\u00edas interiores no est\u00e1 incluido y el equipamiento de las viviendas ser\u00e1 el indicado en la correspondiente memoria de calidades.<\/p>\n","protected":false},"author":1,"featured_media":0,"parent":0,"menu_order":0,"comment_status":"closed","ping_status":"closed","template":"page-templates\/template-legal.php","meta":{"inline_featured_image":false,"_genesis_hide_title":false,"_genesis_hide_breadcrumbs":false,"_genesis_hide_singular_image":false,"_genesis_hide_footer_widgets":false,"_genesis_custom_body_class":"","_genesis_custom_post_class":"","_genesis_layout":"","footnotes":""},"class_list":{"0":"post-761","1":"page","2":"type-page","3":"status-publish","5":"entry"},"acf":[],"_links":{"self":[{"href":"https:\/\/egaralur.net\/promociones\/wp-json\/wp\/v2\/pages\/761","targetHints":{"allow":["GET"]}}],"collection":[{"href":"https:\/\/egaralur.net\/promociones\/wp-json\/wp\/v2\/pages"}],"about":[{"href":"https:\/\/egaralur.net\/promociones\/wp-json\/wp\/v2\/types\/page"}],"author":[{"embeddable":true,"href":"https:\/\/egaralur.net\/promociones\/wp-json\/wp\/v2\/users\/1"}],"replies":[{"embeddable":true,"href":"https:\/\/egaralur.net\/promociones\/wp-json\/wp\/v2\/comments?post=761"}],"version-history":[{"count":3,"href":"https:\/\/egaralur.net\/promociones\/wp-json\/wp\/v2\/pages\/761\/revisions"}],"predecessor-version":[{"id":764,"href":"https:\/\/egaralur.net\/promociones\/wp-json\/wp\/v2\/pages\/761\/revisions\/764"}],"wp:attachment":[{"href":"https:\/\/egaralur.net\/promociones\/wp-json\/wp\/v2\/media?parent=761"}],"curies":[{"name":"wp","href":"https:\/\/api.w.org\/{rel}","templated":true}]}}